f 2876849?
4
What is the tens digit of 4118932?
3
What is the thousands digit of 22534958?
4
What is the units digit of 1783016?
6
What is the tens digit of 187520?
2
What is the millions digit of 3423528?
3
What is the thousands digit of 445828?
5
What is the ten thousands digit of 273630?
7
What is the hundreds digit of 988954?
9
What is the units digit of 86989?
9
What is the hundreds digit of 201761?
7
What is the thousands digit of 317950?
7
What is the millions digit of 11330386?
1
What is the hundreds digit of 5611008?
0
What is the tens digit of 335768?
6
What is the tens digit of 210780?
8
What is the hundreds digit of 61718?
7
What is the tens digit of 183163?
6
What is the hundred thousands digit of 3663965?
6
What is the units digit of 3218486?
6
What is the thousands digit of 1787183?
7
What is the millions digit of 14991423?
4
What is the ten thousands digit of 636479?
3
What is the hundreds digit of 140700?
7
What is the units digit of 4165134?
4
What is the millions digit of 7743214?
7
What is the units digit of 410884?
4
What is the thousands digit of 5856198?
6
What is the units digit of 11834?
4
What is the thousands digit of 2614830?
4
What is the tens digit of 385143?
4
What is the thousands digit of 1410668?
0
What is the tens digit of 839261?
6
What is the hundred thousands digit of 173215?
1
What is the tens digit of 172549?
4
What is the ten thousands digit of 6904819?
0
What is the hundred thousands digit of 233097?
2
What is the millions digit of 5265510?
5
What is the thousands digit of 5736107?
6
What is the ten thousands digit of 26689750?
8
What is the ten thousands digit of 242286?
4
What is the hundred thousands digit of 354381?
3
What is the hundreds digit of 3395911?
9
What is the ten thousands digit of 97454?
9
What is the millions digit of 3784200?
3
What is the hundred thousands digit of 580191?
5
What is the ten thousands digit of 584054?
8
What is the hundreds digit of 259570?
5
What is the ten thousands digit of 2191393?
9
What is the ten thousands digit of 488928?
8
What is the tens digit of 11142157?
5
What is the units digit of 286945?
5
What is the hundred thousands digit of 5024275?
0
What is the ten thousands digit of 1319282?
1
What is the thousands digit of 7972389?
2
What is the thousands digit of 2469018?
9
What is the ten thousands digit of 1138245?
3
What is the ten thousands digit of 18134679?
3
What is the hundred thousands digit of 3847168?
8
What is the ten thousands digit of 1606310?
0
What is the units digit of 293110?
0
What is the ten thousands digit of 2486825?
8
What is the hundred thousands digit of 1288775?
2
What is the units digit of 199938?
8
What is the hundred thousands digit of 2577547?
5
What is the thousands digit of 6248?
6
What is the millions digit of 2120136?
2
What is the units digit of 8763377?
7
What is the hundreds digit of 110054?
0
What is the ten thousands digit of 199972?
9
What is the ten millions digit of 23677241?
2
What is the tens digit of 7858763?
6
What is the units digit of 378170?
0
What is the hundred thousands digit of 220982?
2
What is the ten thousands digit of 322332?
2
What is the tens digit of 5452610?
1
What is the thousands digit of 1392048?
2
What is the millions digit of 14533014?
4
What is the units digit of 264415?
5
What is the ten thousands digit of 654951?
5
What is the tens digit of 141409?
0
What is the hundreds digit of 401470?
4
What is the hundred thousands digit of 622303?
6
What is the tens digit of 7465981?
8
What is the thousands digit of 296542?
6
What is the thousands digit of 10047?
0
What is the thousands digit of 456077?
6
What is the ten thousands digit of 289368?
8
What is the thousands digit of 20070418?
0
What is the tens digit of 4485281?
8
What is the tens digit of 12885123?
2
What is the millions digit of 16947080?
6
What is the units digit of 415683?
3
What is the hundreds digit of 5136651?
6
What is the tens digit of 30352?
5
What is the tens digit of 2216706?
0
What is the units digit of 190419?
9
What is the tens digit of 569257?
5
What is the thousands digit of 2916895?
6
What is the units digit of 109648?
8
What is the units digit of 479921?
1
What is the tens digit of 25767?
6
What is the tens digit of 3567783?
8
What is the thousands digit of 30932281?
2
What is the millions digit of 2087242?
2
What is the ten millions digit of 33946064?
3
What is the ten thousands digit of 7930004?
3
What is the ten thousands digit of 23436?
2
What is the tens digit of 406668?
6
What is the tens digit of 3540879?
7
What is the ten thousands digit of 982212?
8
What is the thousands digit of 5412151?
2
What is the tens digit of 13607564?
6
What is the tens digit of 14732473?
7
What is the hundreds digit of 5807975?
9
What is the hundreds digit of 9886881?
8
What is the tens digit of 799651?
5
What is the ten thousands digit of 5005870?
0
What is the units digit of 207283?
3
What is the units digit of 453180?
0
What is the millions digit of 1624368?
1
What is the units digit of 176868?
8
What is the hundreds digit of 521375?
3
What is the hundred thousands digit of 897921?
8
What is the thousands digit of 81409?
1
What is the ten millions digit of 11487408?
1
What is the thousands digit of 1984570?
4
What is the tens digit of 796638?
3
What is the thousands digit of 15257561?
7
What is the thousands digit of 1482662?
2
What is the tens digit of 10257102?
0
What is the ten thousands digit of 2561557?
6
What is the hundreds digit of 20196?
1
What is the ten thousands digit of 1194356?
9
What is the tens digit of 9794077?
7
What is the hundred thousands digit of 526811?
5
What is the units digit of 3264140?
0
What is the ten thousands digit of 153564?
5
What is the hundreds digit of 11526784?
7
What is the ten thousands digit of 428908?
2
What is the hundreds digit of 4034666?
6
What is the tens digit of 155577?
7
What is the millions digit of 5093355?
5
What is the hundreds digit of 71727?
7
What is the tens digit of 113865?
6
What is the thousands digit of 3601416?
1
What is the ten thousands digit of 566093?
6
What is the hundreds digit of 25612255?
2
What is the hundred thousands digit of 453364?
4
What is the thousands digit of 77691?
7
What is the tens digit of 676106?
0
What is the hundreds digit of 323612?
6
What is the units digit of 130797?
7
What is the tens digit of 14595341?
4
What is the ten thousands digit of 29218852?
1
What is the ten thousands digit of 1614176?
1
What is the hundreds digit of 1746811?
8
What is the hundreds digit of 380766?
7
What is the ten thousands digit of 5992367?
9
What is the tens digit of 437?
3
What is the ten thousands digit of 71995?
7
What is the hundreds digit of 1161722?
7
What is the hundreds digit of 189825?
8
What is the tens digit of 2447834?
3
What is the tens digit of 610257?
5
What is the thousands digit of 254746?
4
What is the units digit of 4266726?
6
What is the millions digit of 6344304?
6
What is the hundreds digit of 196113?
1
What is the units digit of 12491876?
6
What is the hundred thousands digit of 113392?
1
What is the hundred thousands digit of 3405634?
4
What is the tens digit of 862950?
5
What is the millions digit of 9355509?
9
What is the thousands digit of 629367?
9
What is the ten thousands digit of 9287956?
8
What is the tens digit of 278313?
1
What is the hundreds digit of 353874?
8
What is the thousands digit of 6632191?
2
What is the hundred thousands digit of 1809128?
8
What is the ten thousands digit of 6930851?
3
What is the hundreds digit of 477563?
5
What is the thousands digit of 172085?
2
What is the hundred thousands digit of 870275?
8
What is the millions digit of 13756187?
3
What is the hundred thousands digit of 6525233?
5
What is the units digit of 247421?
1
What is the tens digit of 36074?
7
What is the hundred thousands digit of 1525468?
5
What is the thousands digit of 18417556?
7
What is the hundred thousands digit of 1988781?
9
What is the hundreds digit of 10504693?
6
What is the hundred thousands digit of 7802647?
8
What is the thousands digit of 8975583?
5
What is the units digit of 1186895?
5
What is the ten thousands digit of 24197323?
9
What is the hundred thousands digit of 174487?
1
What is the ten thousands digit of 927